{"id":1025,"date":"2026-02-05T16:57:43","date_gmt":"2026-02-05T15:57:43","guid":{"rendered":"https:\/\/saint-gence-athle.fr\/?page_id=1025"},"modified":"2026-04-01T07:12:28","modified_gmt":"2026-04-01T05:12:28","slug":"inscription","status":"publish","type":"page","link":"https:\/\/saint-gence-athle.fr\/index.php\/inscription\/","title":{"rendered":"Inscriptions"},"content":{"rendered":"<div class=\"wp-block-image\">\n<figure class=\"aligncenter size-large\"><a href=\"https:\/\/www.e.leclerc\/mag\/e-leclerc-limoges?srsltid=AfmBOorh9DRhUbPPnV6f3AHNZkKhwgVs43aejUH9-PtPOe2zopERskBK\" target=\"_blank\" rel=\" noreferrer noopener\"><img loading=\"lazy\" decoding=\"async\" width=\"1024\" height=\"205\" src=\"https:\/\/saint-gence-athle.fr\/wp-content\/uploads\/2026\/02\/Banniere-partenaires-1024x205.jpg\" alt=\"\" class=\"wp-image-1076\" srcset=\"https:\/\/saint-gence-athle.fr\/wp-content\/uploads\/2026\/02\/Banniere-partenaires-1024x205.jpg 1024w, https:\/\/saint-gence-athle.fr\/wp-content\/uploads\/2026\/02\/Banniere-partenaires-300x60.jpg 300w, https:\/\/saint-gence-athle.fr\/wp-content\/uploads\/2026\/02\/Banniere-partenaires-768x154.jpg 768w, https:\/\/saint-gence-athle.fr\/wp-content\/uploads\/2026\/02\/Banniere-partenaires-1536x307.jpg 1536w, https:\/\/saint-gence-athle.fr\/wp-content\/uploads\/2026\/02\/Banniere-partenaires-2048x410.jpg 2048w\" sizes=\"auto, (max-width: 1024px) 100vw, 1024px\" \/><\/a><\/figure>\n<\/div>\n\n\n<p><\/p>\n\n\n\n<h2 class=\"wp-block-heading has-text-align-center\"><strong><mark style=\"background-color:rgba(0, 0, 0, 0)\" class=\"has-inline-color has-vivid-red-color\">Retrait des dossards le jour de l&rsquo;\u00e9preuve<\/mark><\/strong><\/h2>\n\n\n\n<p class=\"has-text-align-center has-vivid-red-color has-text-color has-link-color wp-elements-5ec1f95ea05927004d342e361e334120\" style=\"font-size:23px\">Information ravitaillements : PAS DE GOBELETS !<br>Pensez \u00e0 prendre votre gourde, flasque ou eco-cup<\/p>\n\n\n\n<p class=\"has-text-align-center has-vivid-red-color has-text-color has-link-color wp-elements-6ea14865be3a63cf44f6e5909b07eb50\" style=\"font-size:23px\"><\/p>\n\n\n\n<p class=\"has-text-align-center has-luminous-vivid-amber-color has-text-color has-link-color has-medium-font-size wp-elements-3da13914469f627cc8797e117605ad3d\"><strong>Attention, HelloAsso vous enverra une confirmation d&rsquo;inscription. <\/strong><\/p>\n\n\n\n<p class=\"has-text-align-center has-luminous-vivid-amber-color has-text-color has-link-color has-medium-font-size wp-elements-857ad6b2707bcae4ec25743798d4a9a6\"><strong>Celle-ci n&rsquo;est peut \u00eatre pas instantan\u00e9e.<\/strong> <\/p>\n\n\n\n<p class=\"has-text-align-center has-vivid-red-color has-text-color has-link-color wp-elements-c65b1533a7a74adeb26c2cda1ba93728\"><strong>Date limite des inscriptions le 10 avril \u00e0 23h<\/strong><\/p>\n\n\n\n<p class=\"has-text-align-center\">12km d\u00e9nivel\u00e9 positif d&rsquo;environ 180m, 80% de chemin <\/p>\n\n\n\n<p class=\"has-text-align-center\">20km d\u00e9nivel\u00e9 positif d&rsquo;environ 270m, 85% de chemin<\/p>\n\n\n\n<p class=\"has-text-align-center has-medium-font-size\"><strong><a href=\"http:\/\/saint-gence-athle.fr\/wp-content\/uploads\/2026\/03\/Reglement-2026.pdf\" data-type=\"link\" data-id=\"http:\/\/saint-gence-athle.fr\/wp-content\/uploads\/2026\/03\/Reglement-2026.pdf\" target=\"_blank\" rel=\"noreferrer noopener\">Lien r\u00e8glement de l&rsquo;\u00e9preuve<\/a><\/strong><\/p>\n\n\n\n<p class=\"has-text-align-center has-white-color has-vivid-red-background-color has-text-color has-background has-link-color has-medium-font-size wp-elements-16c36767301d4eccc8dec8a412d66955\"><strong>Pensez aux organisateurs, v\u00e9rifier la date de validit\u00e9 de votre PPS &#8211; Merci<\/strong><\/p>\n\n\n\n<p class=\"has-text-align-center has-vivid-green-cyan-color has-text-color has-link-color has-medium-font-size wp-elements-f780a1c58f579ef062cebe8228b76726\">Les inscrits <a href=\"https:\/\/saint-gence-athle.fr\/index.php\/trail-2024\/les-inscrits-2024\/\">ici<\/a><\/p>\n\n\n<p><iframe id=\"haWidget\" allowtransparency=\"true\" src=\"https:\/\/www.helloasso.com\/associations\/saint-gence-athle\/evenements\/trail-de-la-foret-de-lenfant-2026-12-et-20km-marche-10km\/widget\" style=\"width: 100%; border: none;\" onload=\"window.addEventListener( 'message', function(e) { const dataHeight = e.data.height; const haWidgetElement = document.getElementById('haWidget'); haWidgetElement.height = dataHeight + 'px'; } )\" ><\/iframe><\/p>\n\n\n\n<p class=\"has-luminous-vivid-amber-color has-text-color has-link-color wp-elements-0de034e58760d9fe0cc9d7f3df36667b\"><\/p>\n","protected":false},"excerpt":{"rendered":"<p>Retrait des dossards le jour de l&rsquo;\u00e9preuve Information ravitaillements : PAS DE GOBELETS !Pensez \u00e0 prendre votre gourde, flasque ou eco-cup Attention, HelloAsso vous enverra une confirmation d&rsquo;inscription. Celle-ci n&rsquo;est peut \u00eatre pas instantan\u00e9e. Date limite des inscriptions le 10 avril \u00e0 23h 12km d\u00e9nivel\u00e9 positif d&rsquo;environ 180m, 80% de chemin 20km d\u00e9nivel\u00e9 positif d&rsquo;environ [&hellip;]<\/p>\n","protected":false},"author":1,"featured_media":0,"parent":0,"menu_order":0,"comment_status":"closed","ping_status":"closed","template":"","meta":{"footnotes":""},"class_list":["post-1025","page","type-page","status-publish","hentry"],"_links":{"self":[{"href":"https:\/\/saint-gence-athle.fr\/index.php\/wp-json\/wp\/v2\/pages\/1025","targetHints":{"allow":["GET"]}}],"collection":[{"href":"https:\/\/saint-gence-athle.fr\/index.php\/wp-json\/wp\/v2\/pages"}],"about":[{"href":"https:\/\/saint-gence-athle.fr\/index.php\/wp-json\/wp\/v2\/types\/page"}],"author":[{"embeddable":true,"href":"https:\/\/saint-gence-athle.fr\/index.php\/wp-json\/wp\/v2\/users\/1"}],"replies":[{"embeddable":true,"href":"https:\/\/saint-gence-athle.fr\/index.php\/wp-json\/wp\/v2\/comments?post=1025"}],"version-history":[{"count":20,"href":"https:\/\/saint-gence-athle.fr\/index.php\/wp-json\/wp\/v2\/pages\/1025\/revisions"}],"predecessor-version":[{"id":1168,"href":"https:\/\/saint-gence-athle.fr\/index.php\/wp-json\/wp\/v2\/pages\/1025\/revisions\/1168"}],"wp:attachment":[{"href":"https:\/\/saint-gence-athle.fr\/index.php\/wp-json\/wp\/v2\/media?parent=1025"}],"curies":[{"name":"wp","href":"https:\/\/api.w.org\/{rel}","templated":true}]}}